- 76 = 5*f - p, 0 = -f + 3*a - 5. Determine g(f).
3
Let p be (45/(-6) + 5)/((-15)/36). Let h = 11 - 8. Let f(j) = -3 - j**2 - h + 11*j - 3*j. Calculate f(p).
6
Let j be (45*1)/(4/4 + -2). Let d be ((-36)/j)/((-1)/(-5)). Suppose -16 + d = -6*a. Let p(t) = t**2 - 4*t. Calculate p(a).
-4
Let z(l) = -l**2 + 14*l - 11. Suppose 11*w - 10*w = 13. Let f be z(w). Let a(t) = -4 + t**3 - 5*t**2 - 2 - 2*t**f - t. Determine a(7).
-13
Let h(s) be the third derivative of 0 + 1/6*s**4 - 1/120*s**6 - s - 1/20*s**5 + 0*s**3 - 110*s**2. Determine h(-4).
0
Let k(b) = -b**2 + 3*b - 2. Let o be k(4). Let l = -3 - o. Let i(h) be the third derivative of -h**4/12 + h**3/3 + 59*h**2 - 8*h - 1. Give i(l).
-4
Let j be -1 + 7/(105/255). Let z(c) = c**3 - 16*c**2 + 5*c + 5. Calculate z(j).
85
Let f(w) be the first derivative of 206 - 2*w + 1/2*w**2. Calculate f(4).
2
Suppose -7 = 5*d + 3*y, 0 = 20*y - 15*y - 5. Let t(z) = 12*z - 26. Let w(a) = -5*a + 14. Let q(x) = d*t(x) - 5*w(x). Calculate q(9).
-9
Let j(k) = -44*k + 17. Let n be j(-4). Let i(m) = -1 + n*m + 5 - 195*m. Give i(-5).
14
Let w(d) = d**3 + d**2 - 4*d + 3. Suppose 0*r - r + 6 = 0. Suppose r*x = -5*x + 176. Suppose 0 = 6*m + 4 - x. Calculate w(m).
7
Let w(o) be the first derivative of -o**3/3 + 3*o**2 + 25*o + 740. Determine w(11).
-30
Let c(f) = -f**3 - 4*f**2 + f. Let z(k) = -k**2 + 16*k + 54. Let j be z(18). Suppose -5*b - 4*l = -10*b - 24, -j = 5*b + 2*l. Give c(b).
-4
Let g(q) be the first derivative of q**3/3 + 4*q**2 + 24*q - 1051. Give g(-7).
17
Let j = -7 - -1. Let t(l) = 51*l**3 - 36*l**2 - 13*l + 2. Let m(g) = 8*g**3 - 6*g**2 - 2*g. Let w(n) = -19*m(n) + 3*t(n). Determine w(j).
12
Suppose 0 = 3*q + r + 3*r - 172, -188 = -3*q + 4*r. Let c = q + -57. Let k(z) = z**3 - 3*z**2 - 1. Give k(c).
-1
Let g = 1814 + -1811. Let d(f) be the third derivative of 1/24*f**4 + 0 + 1/6*f**g - 13*f**2 + 0*f. Determine d(-7).
-6
Let g(f) = f**3 - 5*f**2 - 12*f - 17. Let o = 44928 + -44921. Give g(o).
-3
Let t(p) = 4*p**2 + 56*p + 7. Let r be -18 - (-22 - (5 + -23)). What is t(r)?
7
Let h(i) = -2*i**3 - 18*i**2 + 16*i - 19. Let y(m) = -3*m**3 - 35*m**2 + 33*m - 35. Let j(c) = 5*h(c) - 3*y(c). What is j(14)?
-60
Let w be ((-10)/(-40))/(4/176). Let k(t) = 14 + 2*t + w + 12 - 36. Suppose 3*b = -0 + 3. What is k(b)?
3
Let u be 3883/(-1540) + 2 + (-20)/(-35). Let v(y) be the second derivative of -5/3*y**3 + 0 - 4*y**2 + 6*y + u*y**5 + 1/3*y**4. What is v(-6)?
-20
Let l(q) = q**3 - 5*q**2 - 3*q + 393. Let n be l(0). Let x = n + -388. Let y(g) = g**2 - 4*g + 5. Determine y(x).
10
Let o(b) be the first derivative of -b**4/4 - 8*b**3/3 + 5*b**2 + 10*b - 107. Suppose -33 = 5*c + 12. What is o(c)?
1
Let a(r) = -24*r + 337. Suppose 277 + 311 = 42*p. Determine a(p).
1
Suppose 5*s + k + 187 - 547 = 0, k = 3*s - 216. Suppose 22*y - s = 4*y. Let g(w) = -4*w + 2. Determine g(y).
-14
Let n(v) = 4*v**3 + 27*v**2 + 17*v + 10. Let t(u) = -3*u**3 - 22*u**2 - 16*u - 11. Let z(r) = 2*n(r) + 3*t(r). Give z(-11).
20
Let j be 2*(-1)/(-3)*(-6 - -21). Suppose 9*f - j*f - 5 = 0. Let h(g) = -g**2 - 7*g - 6. What is h(f)?
4
Let m(h) = 509*h**2 + 511*h**2 + 10 + 11*h + 513*h**2 - 1522*h**2. Give m(-1).
10
Suppose -4*d + 9*d - 5*a = 10, -d + 4*a + 2 = 0. Let i(p) = p**3 - p**2. Let j(b) = 3*b**3 - 7*b**2. Let v(q) = 5*i(q) - j(q). Determine v(d).
24
Let p(t) = -5*t - 33. Suppose -321*j + 739 - 2344 = 0. Calculate p(j).
-8
Suppose -v - 20*v - 63 = 0. Let h(a) be the second derivative of a**2 + 1/6*a**3 + a + 0. Calculate h(v).
-1
Suppose 34*n - 49 = -15. Let h(l) = l - 7. Let j(v) = 3*v - 1. Let d(s) = n*h(s) - 2*j(s). What is d(-4)?
15
Let c(h) be the second derivative of -h**4/12 + 4*h**3/3 + h**2/2 + 16*h + 3. Let k(b) = 4*b**2 - 23*b - 1. Let r be k(6). Determine c(r).
16
Suppose -57 = -11*x + 4*j + 63, -3*x + 5*j + 21 = 0. Let r(d) = -d**2 + 16*d - 41. Determine r(x).
7
Let l be 0/(-2)*2/4. Suppose 3*h - h - 22 = l. Let t(b) = -7*b + 22*b - h*b - 4. Determine t(4).
12
Let a be (-34)/(-10) - ((-184)/(-10) - 19). Let c(d) be the first derivative of 0*d**3 - 17 - 3*d - 2*d**2 + 1/4*d**a. Determine c(-2).
-3
Let x(y) be the second derivative of -14*y**3/3 + 5*y**2/2 - 14*y + 14. Calculate x(-3).
89
Let x(o) = -o**3 + 5*o**2 + 11*o - 20. Suppose 39 = 5*y + 2*d, 2*y + 25*d - 30*d = 4. Give x(y).
-41
Let a = -41150 - -41151. Let f(y) = -13*y**2 + 0*y**2 - 2*y - 15*y**2 + 1. Calculate f(a).
-29
Let j be (-4)/(-14) + 2662/(-154) + 19. Let r(z) = z**2 - 14*z + 24. Give r(j).
0
Let q(k) = -567*k + 10. Let u be q(0). Let h(z) = z**3 - 3*z**2 - 69*z - 7. Give h(u).
3
Let r be 4/18 + 1403/207. Let c(b) = -5*b**2 - 3*b - 7. Let o(n) = 2*n**2 + n + 2. Let p(z) = r*o(z) + 2*c(z). Let t(j) = -j + 11. Let y be t(9). Give p(y).
18
Let l(n) = -14*n**3 + 36*n**3 - 6*n - 13*n**3 + 4*n**2 - 8*n**3 - 3. Let o be ((-1)/2 - -1)*0. Let y be -2 + (4 - (o - -7)). What is l(y)?
2
Let y(q) = -274 + 2*q - 264 + 562. Suppose 5*k - 3*d = -21 - 14, 3*d - 5 = 2*k. Give y(k).
4
Let g(v) = 3*v + 5. Let b(j) = -j**2 - 33*j + 24. Let o be b(-28). Let u = -120 + o. Suppose -m + 12 = -5*y + u, -4*y + m = -26. Calculate g(y).
23
Let m be (0 - 12/9)*-6. Let v(z) be the second derivative of -z**5/20 + 2*z**4/3 - z**3/6 - 2*z**2 + 7256*z. What is v(m)?
-12
Let p(w) = 18*w - 3. Let o(v) = 22*v - 5. Let k(n) = 3*o(n) - 4*p(n). Let m = 29 + -24. Suppose -m - 10 = 5*a + 5*s, a + 3*s = -3. What is k(a)?
15
Let x be ((-140)/50 - 2/10)*-13. Let q(m) = 6*m**2 - 43*m - x*m + 9 + m**3 + 77*m. Let g(v) = -v**3 - 4*v**2 - 2*v - 3. Let a be g(-2). Calculate q(a).
-5
Let a = 1032 + -1037. Let j(y) = 2*y**2 + 3*y. Give j(a).
35
Let n be ((-12)/5)/(26/(-65)). Let p be ((-6)/(-18))/((-2)/n). Let l(k) = 7*k**3 - k**2 + k + 1. Give l(p).
-8
Let i(u) = -3*u**3 + 137*u**2 + 45*u + 58. Let j be i(46). Let a(n) = 6*n**2 + 3*n + 1. Let d be a(-2). Let h(c) = 2*c - d - j + 29. Determine h(-2).
-6
Let v(t) be the third derivative of -t**4/4 - 13*t**3/6 - 2*t**2 - 1233. Determine v(8).
-61
Let g(k) be the first derivative of 2*k**2 - 3*k + 1575. Let h be (-2 + 10/3)*-3. Calculate g(h).
-19
Let w(d) = -20*d + 247. Suppose -4*q + 3*p + 45 = 0, 15*p - 17*p = -4*q + 46. Give w(q).
7
Let v(x) = -x**2 + 18*x + 73. Suppose -5*a - 3*h = -86, -4*a + 2353*h + 48 = 2358*h. What is v(a)?
-15
Let h = 5331 + -5334. Let o(t) = -2*t**2 + t + 3. Calculate o(h).
-18
Let n(o) = -2*o**2 + 3937*o**3 + 3*o - 1970*o**3 + 3*o**2 + 9 - 1968*o**3. Calculate n(4).
-27
Let c(t) = -83*t + 820. Let y(n) = -55*n + 549. Let l(i) = -5*c(i) + 8*y(i). Determine l(11).
17
Let t(m) = -3*m**2 + 22*m + 138. Let g(u) = 7*u**2 - 43*u - 301. Let v(w) = 5*g(w) + 11*t(w). What is v(-13)?
0
Suppose 2*t + f = 1, -2 + 7 = t - f. Suppose g - 4 = t. Let o(p) = 16*p**3 - 6*p**2 - 28*p**3 - 2*p + 6*p + 13*p**3 + 4 - 2*p. What is o(g)?
16
Let o be (5 - 1)/2*(-126)/(-36). Let m(j) = -17 + 7*j + 12 + 1929*j**2 - j**3 - 1923*j**2. Determine m(o).
-5
Let u(m) = 13*m**3 - 24*m**2 - 10*m - 2. Let a(y) = 9*y**3 - 16*y**2 - 8*y - 1. Let j(i) = -7*a(i) + 5*u(i). Calculate j(3).
-3
Let l(m) = m**3 + m**2 + 9. Let p(o) = 5*o**2 + 64*o - 13. Let q(a) = -a**3 - 22*a**2 + 47*a - 37. Let r be q(-24). Let z be p(r). What is l(z)?
9
Let f(n) = n - 8. Let c be 10 - 5/((-15)/(-6)). Let w be -15*(-14)/(-35)*(-2)/4. Suppose -4*u + 3*o - c = -3*u, 0 = w*u + 4*o - 28. What is f(u)?
-4
Let v(a) = 4*a**2 - 59*a + 32. Let s(z) = -2*z**2 + 28*z - 15. Let i(q) = -9*s(q) - 4*v(q). Calculate i(0).
7
Let c = -4167 - -4173. Let b(p) = 3*p**2 - 19*p + 5. What is b(c)?
-1
Let m(p) = p**2 + p. Let n(y) = 5 + 4*y + 18*y**2 - 7 + 3. Let j(x) = 2*m(x) - n(x). Let l(r) = r**2 - 3*r - 1. Let q be l(3). What is j(q)?
-15
Let l(t) = -3*t**3 + 30*t**2 - t + 14. Let y be l(10). Suppose y*p = -4*o + 24, 4*o - 3*p = 8 + 2. Let f(u) = 2*u**2 - 4*u + 1. Calculate f(o).
17
Let r be ((-72)/(-45))/(4/60). Let k(q) = 4*q**2 - 6*q - 6. Let n(o) = o**2 + 6*o. Let y(m) = -k(m) + 3*n(m). Calculate y(r).
6
Let q(s) be the second derivative of 1/12*s**4 + 0 + 2/3*s**3 - 231*s + 0*s**2. What is q(-6)?
12
Let l = 4373 - 4363. Let h(x) = -2*x + 13. What is h(l)?
-7
Let h(z) = -z**3 - z**2 - 11*z + 36. Let j be h(2). Let p(t) = t**3 + 3*t**2 - 9*t + 5. Determine p(j).
7
Let b be 9 - (-23 - -8)/(-3). Let m(n) = 3 + 3*n**3 - 2*n**3